culate the highest common divisor of z and m.
8
Suppose n - 10 - 8 = 0. Suppose 1123 - 60 + 137 = 40*z. Calculate the highest common factor of n and z.
6
Let k be (176/(-110))/((4/10)/(-1)). Suppose -259 = -2*g + c - 99, k*c + 73 = g. What is the highest common factor of 9 and g?
9
Let n(o) = 337*o**2 - 1343*o - 3. Let z be n(4). Calculate the greatest common divisor of z and 18479.
17
Let n be 3/(27/1150) + 2/9. Suppose 0 = -6*t + n - 44. What is the highest common factor of t and 70?
14
Let h = 5105 - -6383. Calculate the greatest common divisor of h and 32.
32
Let k(n) = -3*n**2 - 180*n - 137. Let m be k(-59). Calculate the highest common factor of m and 155.
5
Suppose -97*z + 1732 - 630 = -838. What is the highest common divisor of 115 and z?
5
Suppose -3*z + 12*z - 45 = 0. Suppose 4*a + 112 = z*x + 2*a, 5*x + a = 124. Calculate the highest common factor of x and 8.
8
Let k be (0 + 12)*(2 + 7). Let y be 3/(-1) + 6 + 54 - 4 - -1. What is the highest common factor of y and k?
54
Let y = 7 - 4. Suppose -5*p + 4*i + y = 0, -3*p - 4*i + 18 = -i. Let d be 4/(64/(-4)) + (-49)/(-4). Calculate the highest common factor of p and d.
3
Suppose 10*i - 102 = 4*i. Let p(m) = 12 + 16 - i*m + 17 - 4*m**2 + 3*m**2. Let g be p(-19). Calculate the highest common factor of 1 and g.
1
Let p(t) = -2*t + 6. Let v be p(4). Let s be (-703)/(-133) + v/7. Calculate the greatest common factor of s and 40.
5
Suppose 80*d = -49*d + 33*d + 676512. Calculate the highest common divisor of 29 and d.
29
Let j(s) = 1435*s - 3030. Let d be j(5). Calculate the greatest common factor of d and 25.
5
Suppose 105 = -30*u + 2055. Calculate the greatest common factor of 481 and u.
13
Let x = -11370 + 11406. What is the greatest common divisor of x and 747?
9
Suppose -28 = -w - 2*r, 85*w - 83*w = 4*r + 72. Let p(v) = v. Let h be p(3). Suppose -150 = -h*q - 6. Calculate the greatest common divisor of q and w.
16
Let c be (2/(-4))/(-1)*(654 - 138). Calculate the greatest common divisor of c and 114.
6
Let x = -35 - -44. Suppose r - 4*b + x*b + 59 = 0, 2*r - 4*b = -48. Let y = -26 - r. What is the greatest common divisor of 2 and y?
2
Let x(n) = -n**2 - 75*n + 256. Let m be x(-7). Calculate the highest common divisor of 144 and m.
12
Suppose -5*o - 54 = 46. Let c = -161 - -190. Let y = c - o. What is the highest common factor of 7 and y?
7
Suppose -13*x = -8*x - 5, 0 = -3*q - 5*x + 1427. Let u = q - 440. Calculate the greatest common divisor of u and 595.
17
Suppose g + 3*f - 10977 = 0, 369*g - 32895 = 366*g - 3*f. Calculate the highest common factor of 39 and g.
39
Let q(z) be the second derivative of z**4/12 + 7*z**3/2 + z**2/2 + 32*z. Let n be q(-21). Let i = -12 + 23. Calculate the greatest common divisor of n and i.
1
Suppose 5*w - 3693 = -3*p, 0 = 2*w + 5*p - 4*p - 1477. What is the highest common divisor of w and 2542?
82
Let d = 9950 + -9944. What is the greatest common divisor of 474 and d?
6
Let j be (54/63)/3 + 920/14. Let x = -74 - -239. What is the greatest common factor of x and j?
33
Suppose 5*t + 442 = 7*t. Suppose 24*c - 432 + 24 = 0. Calculate the greatest common factor of t and c.
17
Let h = -174 - -182. Suppose 0 = -3*y + h*y - 855. What is the highest common divisor of 38 and y?
19
Let o(w) = 2*w**3 - 2*w**2 - 4*w - 2. Let b be o(-3). Let s = b - -73. Suppose 13*z - s*z - 56 = 0. Calculate the highest common divisor of 7 and z.
7
Let m(z) = -752*z - 138. Let b be m(-36). What is the greatest common divisor of b and 6?
6
Let b = 26087 + -25735. What is the highest common factor of b and 12496?
176
Let s = -271 - -427. Suppose 51*k - 698 - 2211 = -257. What is the highest common divisor of s and k?
52
Let k(g) = -6*g**3 + 4*g**2 - 2*g - 1. Let m be k(-4). Suppose -4*r - 4*r = -2*z + 198, 5*r = 2*z - 192. Calculate the highest common divisor of z and m.
91
Let y = -25426 + 25447. Suppose t - 7*n - 41 = -3*n, -4*n = 3*t - 155. Calculate the highest common divisor of y and t.
7
Let w(q) = 50*q**3 - 2*q. Let p be w(1). Suppose 4*v = -4*t + 84, -2*v - v + 60 = 4*t. What is the highest common factor of v and p?
24
Let w be 181*1 - (-3 - -4). Suppose 81547*g - 81541*g = 270. Calculate the highest common divisor of w and g.
45
Let o be 0 + 0 + -4 + (-24)/(-4). Suppose -86 = -o*i - 32. Calculate the highest common factor of i and 27.
27
Suppose 2*r + a - 31 = 0, -4*r + 13*a = 11*a - 50. What is the greatest common divisor of r and 1015?
7
Suppose 3*d - 3*f + 537 = 0, 2*f - 102 = d + 74. Let o = -21 - d. What is the highest common factor of 23 and o?
23
Let y(j) = -54*j + 4. Let q be y(-4). Suppose -3*t - 2*k = -126, 225*t + 5*k + 147 = 228*t. Calculate the greatest common divisor of t and q.
44
Let o = 1661 + -135. Calculate the greatest common divisor of 42 and o.
14
Let z be 24686/(-20) + (-24)/(-80). Let c = z - -1254. Suppose -4*v = -f + 140, 5*v = 5*f + v - 700. What is the highest common divisor of f and c?
20
Let d(g) = g**2 - 74*g + 1399. Let m be d(40). Suppose 5*a = j + 3515, a + j + 3*j - 682 = 0. Calculate the highest common factor of m and a.
39
Suppose -83200 = -87*f + 36*f + 31*f. What is the greatest common divisor of f and 120?
40
Let f = 2632 - 1191. What is the greatest common divisor of f and 524?
131
Let u(f) = -5*f**3 + 6*f**2 + 38*f + 324. Let r be u(-8). What is the highest common factor of 19 and r?
19
Let n(q) = -q - 39. Let h be n(-39). Suppose h = -26*c + 144 + 1416. Calculate the highest common divisor of c and 90.
30
Let j(h) = 266*h - 1295. Let b be j(5). Calculate the highest common divisor of 175 and b.
35
Suppose 142*v - 82*v - 1035 + 315 = 0. What is the highest common factor of 36492 and v?
12
Let h(v) = -80*v + 413. Let d be h(5). Suppose g - 10 = -9. Let n(l) = 50*l + 2. Let o be n(g). What is the highest common factor of o and d?
13
Let r = 5103 - 4674. What is the greatest common divisor of 187 and r?
11
Suppose 8*b + 10 = -38. Let u be b/(-4)*-5*(-4)/5. Let l be 4/10 + (3 - u/(-10)). What is the highest common divisor of l and 16?
4
Suppose 0 = -8*n + 2*n + 48. Suppose -7*z - 9 = 26. Let w(u) = -u - 3. Let a be w(z). What is the highest common factor of n and a?
2
Let n = 5801 + -5781. Suppose 2*j = -5*y - 1 - 2, 3*y - j = 7. Let r = y - -3. Calculate the highest common factor of n and r.
4
Let n = -6523 + 6524. What is the highest common factor of n and 1207?
1
Let b be 315/(-245)*(-329)/3. What is the greatest common factor of b and 4?
1
Let r = 7037 + -5002. What is the greatest common divisor of 925 and r?
185
Suppose -6*p - 342 = 12*t - 13*t, -5*t = -5*p - 1785. What is the highest common factor of t and 12?
12
Let k(i) = 258*i - 5. Let d be k(5). Let j be d - (-2 - (0 - 3)). Let z be j/20 + ((-9)/(-5) - 2). Calculate the highest common divisor of 16 and z.
16
Let r = 261 - 222. Let a = r - 27. What is the greatest common divisor of 102 and a?
6
Let s be (0 - (-4)/10)*80. Let x be (-12 - (-6 - 18)) + 95 + 5. What is the highest common divisor of s and x?
16
Suppose 1 + 3 = 2*t - 4*y, 3*t = 2*y + 2. Let k(a) = -a**2 + 20. Let p be k(t). Suppose 0 = p*q - 11*q - 594. What is the greatest common factor of q and 6?
6
Suppose 58204 - 2626 = 55*s + 1623. What is the greatest common divisor of s and 36?
9
Let s(q) = -q**2 + 19*q + 38. Let o be s(21). Let x(i) = -i**3 - i**2 + 3*i + 6. Let n be x(o). Calculate the highest common divisor of 12 and n.
6
Suppose -43141*z - 27030 = -43158*z. Calculate the greatest common factor of z and 30.
30
Let g = 417 - 316. Let j = 117 - g. Calculate the highest common factor of j and 32.
16
Suppose 0 = 12*i - 370 - 542. What is the greatest common factor of 76 and i?
76
Suppose 4*l = -10*j + 6*j + 8, 10 = 5*l + 3*j. Calculate the highest common divisor of 32 and l.
2
Let h(k) = -9*k**2 + 108*k + 4. Let t = -15 + 25. Let r be h(t). Let z(w) = 45*w**2 - 2*w - 1. Let o be z(-1). Calculate the highest common factor of o and r.
46
Suppose 78 + 438 = -4*j. Let m = -121 - j. Let g(z) = 3*z**2 - 7*z + 4. Let t be g(4). What is the greatest common factor of t and m?
8
Suppose -70*q + 74*q - 232 = 0. Suppose 0 = -60*w + q*w + 64. Calculate the greatest common divisor of 2 and w.
2
Suppose 0 = -4*k + 6*k - 2*p - 42, -4*k = -3*p - 83. Calculate the highest common factor of 8 and k.
4
Suppose 0*k + 3*k = -4*z + 4